h).
13
Let p be (36/15)/4 - 56/35. Let i(n) = 23*n**2 - 12*n**2 - 1 + 8*n**2. Calculate i(p).
18
Let y(f) = -4*f + 62. Let a(o) = 2*o - 60. Let m(p) = -3*a(p) - 2*y(p). Calculate m(0).
56
Let n(k) be the second derivative of 7*k + 1 + 1/6*k**3 + 2*k**2. Calculate n(-4).
0
Let a(s) be the first derivative of -s**4/4 - 10*s**3/3 - s**2 - 17*s - 17860. Suppose 2*d + 3*d - k + 51 = 0, -4*k = 4*d + 36. What is a(d)?
3
Let g(w) be the first derivative of -w**4/4 - 4*w**3/3 + 10*w**2 + 8*w + 5165. Calculate g(-6).
-40
Let w(t) = -6*t + 7*t + 27 + 4*t - 17*t. Determine w(8).
-69
Let s(a) = 5*a - 26. Let d(x) = -x + 6. Let v(z) = 11*d(z) + 2*s(z). Let w(b) = 10*b. Let j be w(0). Give v(j).
14
Let s(l) be the second derivative of 2/3*l**3 + 0 + l**2 - l. Let i = -5 - -7. Calculate s(i).
10
Let o(j) = 90*j + 724. Suppose -2*m - 12*y - 235 = -123, m - 5*y = 32. Give o(m).
4
Let z(s) = 140*s - 1 - 1 + 12 - 142*s. Give z(-6).
22
Let c be (6/(-21) + 0)/(3/(-21)). Let j(b) = -b**2 + 2*b**2 + c - 3 - 7*b + 5. What is j(5)?
-6
Let v(p) = 366*p - 681*p - 8 + 337*p + 9*p**2 - 10*p**2. Calculate v(16).
88
Let b(h) = -4*h**2 - 108*h - 201. Let c be b(-25). Let s(g) = -2*g**3 - g**2 + 6*g + 7. Give s(c).
2
Suppose -27*u - 9034 = -9142. Let b(h) = h**2 - 7*h + 3. Let p(m) = 3*m**2 - 22*m + 8. Let k(c) = -7*b(c) + 2*p(c). What is k(u)?
-1
Let h(d) be the second derivative of d**4/12 + 2*d**3 + 11*d**2 + 7*d - 31. Give h(-8).
-10
Suppose 71 = r + 3*d + 58, -4*r - d = -30. Let o(x) = -x**3 + 9*x**2 - 17*x + 15. What is o(r)?
-6
Let g(d) = 34392*d + 34394*d - 68795*d + 19 - d**2. Determine g(-10).
9
Let v(n) be the first derivative of n**6/180 - n**5/24 + n**4/6 - 7*n**3 + 20. Let w(y) be the third derivative of v(y). Give w(3).
7
Let b(f) be the first derivative of 9*f + 1/2*f**2 + 1/3*f**3 - 11. What is b(0)?
9
Let g(q) = -q**2 - 34*q + 56. Let w(d) = d**2 + 35*d - 58. Let n(k) = -7*g(k) - 6*w(k). Determine n(-30).
16
Let c(i) = i**3 - 37651*i - 352*i**2 + 4 + 37660*i + 364*i**2 + i**3. Determine c(-6).
-50
Let c(b) be the first derivative of -b**3/3 + 6*b**2 + 8*b - 928. Determine c(7).
43
Let q(s) = 9*s**3 + s**2 - s. Let k be (155 - 157)*((-1)/(-2) - 1). Suppose -3*j - 2*r + 1 = 0, -5*r - 7 = -3*j + k. What is q(j)?
9
Let u(j) = -j**3 - 14*j**2 + 14*j + 5. Let w = 8620 - 8635. What is u(w)?
20
Let f(h) = 4 - h**2 + 57*h - 53*h - 5. Let p = 67 - 65. Give f(p).
3
Let i(t) = -t**3 + 11*t**2 + 5*t - 10. Suppose -2*o - 67*l + 12 = -71*l, -4*o - 4*l = -60. Calculate i(o).
-94
Suppose -550 = 440*h + 1210. Let o(v) = -14*v - 27. Calculate o(h).
29
Let i(d) = d**2 + 5*d. Let o be -6 + 5*(-18)/(-15). Let c = o - 6. What is i(c)?
6
Let f(k) = 304*k**2 - 2126*k - 8. Let w be f(7). Let q(g) = g**3 - 2*g**2 - 26*g + 2. Give q(w).
-10
Let y(w) = -22*w - 157*w**2 - 160*w**2 - 167*w**2 + 103 - 166*w**2 + 649*w**2. Let o be y(4). Let g(m) = 2*m**3 - m**2 + m + 2. Determine g(o).
-2
Let t(v) be the third derivative of v**5/12 - 13*v**4/3 - 19*v**3/6 + 119*v**2 - 1. Determine t(21).
2
Let v(r) be the third derivative of 0*r + 16*r**2 + 0 - 5/3*r**3 - 1/24*r**4 - 1/120*r**5. Let f(o) be the first derivative of v(o). Determine f(1).
-2
Let g(i) = i**2 - 13*i + 12. Suppose -9*t - 5*r + 75 = -4*t, 0 = -4*t - r + 39. Give g(t).
-28
Let k(x) = x**2 + 16*x + 6. Let y(q) = 50*q + 1684. Let b be y(-34). What is k(b)?
6
Let q(r) = -1 - 601*r - r**2 + 1209*r - 617*r. Give q(-9).
-1
Let y(u) = 2*u + 174 - 172 - 3*u. Let m(b) = b**3 - 14*b**2 + b - 11. Let w(k) = -k**2 + 14*k - 31. Let i be w(9). Let l be m(i). Calculate y(l).
-1
Let n(l) be the second derivative of -l**4/24 - l**3/6 - 33*l**2/2 - 15*l - 1. Let d(o) be the first derivative of n(o). Determine d(2).
-3
Suppose -4*y = -5*t - 12, 4*t - 35*y - 24 = -36*y. Let a(j) = 2*j**2 - 12*j - 3. Give a(t).
-19
Suppose 5*r + 14 = 4*h, -3*r + 2 = 4*h - 2*r. Let v be (2/(-2))/(-2 + h). Let u(j) be the second derivative of -j**3/3 - 2069*j - 2. Determine u(v).
-2
Let o = -8339 + 8338. Let d(n) be the second derivative of -9*n**5/20 - n**3/3 - n**2/2 - 2*n. Determine d(o).
10
Let z be (-1)/(((-9)/12)/((-231)/22)). Let k(y) = -y**3 - 14*y**2 + 5. What is k(z)?
5
Let s(o) = 3*o + 4. Suppose -4*d + 4*x + 28 = 0, 0 = d + 3*x - 5 - 10. Let u be (-2)/(12/d)*(6 + -2). Give s(u).
-14
Let f(u) = 43*u + 38. Suppose 60 = -61*i + 23 - 24. What is f(i)?
-5
Let k(u) = 9*u + 10. Let i(v) = 3*v + 3. Let f(g) = 7*i(g) - 2*k(g). Suppose 0 = -a - 2*d - 12, -5*a + 2*d + 53 = 161. Let x = a + 24. Determine f(x).
13
Let t(d) = 13*d + 18. Suppose 5*y - 2*q = 41, 3*y = 8*q + 53 + 26. Determine t(y).
83
Suppose 4*j - 142*c + 18 = -144*c, j + 12 = -3*c. Let k = 1 + 1. Let y(s) = 2*s**2 - 1 - 3*s**k - 4*s - 2 + 0*s**2. What is y(j)?
0
Let k(z) = -6*z - 2. Let m = -13636 - -13639. Give k(m).
-20
Let y be 2*95*(-11 - 510/(-50)). Let k = 155 + y. Let c(a) = 4*a - 4. What is c(k)?
8
Let b be 3*1 + -17 + 16. Let o(f) = 3*f**2 + 11*f - 14. Let c(s) = -s**2 - 4*s + 5. Let i(k) = 11*c(k) + 4*o(k). Determine i(b).
3
Let d(t) = -t + 20 - 11 - 4 - 4 - 8. Suppose -2 = -2*y - 20. What is d(y)?
2
Let t be 0/(-4*5/(-10)). Let j(w) be the first derivative of w**3/3 + w**2/2 - 14*w + 312. What is j(t)?
-14
Let j(u) be the second derivative of -u**5/20 + 5*u**4/6 + 5*u**3/2 - 19*u**2/2 + 244*u. What is j(11)?
25
Let p(b) = 50*b + 1102. Let x be p(-22). Let f(a) = 6*a - 8. Calculate f(x).
4
Let n(z) be the third derivative of z**5/60 + 3*z**4/8 - 13*z**3/2 - 2*z**2 - 67*z. Let o be n(3). Let b(k) = 2*k**3 + 4*k**2 + 2*k + 1. What is b(o)?
-23
Let r(t) = 2*t + 3. Let m = -68 - -74. Suppose -m*p - 20 = -10*p. Give r(p).
13
Suppose -47 = 15*a + 13. Let n(d) = d - 7. Let m be n(a). Let r(f) = -f**2 - 10*f + 10. What is r(m)?
-1
Let p = -11758 - -11764. Let x(v) = -5*v**2 + 9*v - 9. Let t(f) = 6*f**2 - 9*f + 9. Let b(r) = -4*t(r) - 5*x(r). Give b(p).
-9
Let k(x) = -5*x**2 - 78*x + 3*x**2 + 142*x - 5*x + 224. Calculate k(33).
-7
Let m(w) be the third derivative of -13*w**6/60 - w**5/60 + w**4/24 + w**3/6 - 26*w**2 - 11*w. Determine m(-1).
25
Suppose -15 = -5*w + 15. Suppose 2*x + 0*x = w. Let d(i) = 3 - 6*i + 8*i - x*i - i**2. Determine d(-4).
-9
Let k(b) be the first derivative of b**2/2 + 7*b - 1. Let r be 40/(-22) - (-8)/(-44). Let j(c) = -6*c**2 - 5*c + 7. Let d be j(r). Determine k(d).
0
Let p(v) = -102 + v**2 - 7*v**2 + 11*v + 3*v**2 + 4*v**2 + 22. Give p(5).
0
Let h(t) be the second derivative of t**4/12 + t**3/2 - 3*t**2/2 - 6*t. Let n be (5*3/(-18))/(31/186). What is h(n)?
7
Let a(p) = p + 5. Let n(l) = -l + 18. Let y be n(-4). Suppose 0 = -y*q - 16*q - 228. Determine a(q).
-1
Let t(y) = 7*y - 52. Suppose -8*b + 9 = 3*x - 3*b, -2*x = -2*b - 22. Calculate t(x).
4
Let h(b) = 5 + 570*b + 0*b**2 + 568*b + 3*b**2 - 1142*b. Give h(3).
20
Let l(f) = 35*f - 57. Let s be l(2). Suppose -6*y + 7 = s. Let t(m) = m + 1. Let d(b) = -16*b**2 - 2*b - 1. Let j(r) = d(r) + t(r). Give j(y).
-15
Suppose 20 = 3*c + c. Let d(u) = -c*u - 6 + 4*u + 3 + 6. Let r(k) = k + 17. Let a be r(-8). Give d(a).
-6
Let l(c) = -2*c + 1. Let r(q) = -44*q + 16. Let h(n) = -20*l(n) + r(n). What is h(6)?
-28
Let u = -352 - -331. Let g be (18/u)/6 + (-2)/(-14). Let v(s) = -s**2 - s + 3. Give v(g).
3
Let x = 52 - 46. Suppose -5*k = 4*a - 27, -4*k = -5*a - 3 + x. Let i(t) = -3*t**2 - 13*t**3 + 2*t + 13*t**3 + t**3. What is i(a)?
6
Let p = -108 - -109. Let g(t) = 9*t**2 - 2*t + 1. Let v be g(p). Suppose 9*y - 5*y = v. Let h(q) = -q**2 + 4*q + 1. Calculate h(y).
5
Let m(t) = 2*t + 38. Let c(o) = o**3 - 7*o**2 + 3*o + 15. Let d be c(4). Let q be m(d). Let l(b) = 6*b - 1. Give l(q).
-25
Let h(k) = 10*k**2 - 12*k**2 + 4*k**2 - k. Suppose 52 = 5*p - 28. Suppose -p*x = -11*x - 5. Give h(x).
1
Let d(a) = -a**2 + 5*a + 73. Let p(y) = -3*y**3 - 28*y**2 + 55*y - 7. Let l be p(-11). Give d(l).
-11
Suppose -2*b = -7*b + 370. Let o(u) = b*u**2 - 69*u**2 - u**3 + 0*u - 2*u. Suppose -q = -5*q + 16. Give o(q).
8
Let u(z) = 14*z + 16. Let p(r) = -9*r - 5. Let x(o) = 325*o + 182. Let k(s) = -143*p(s) - 4*x(s). Let c(j) = -5*k(j) - 4*u(j). Let f = -5 - -4. Calculate c(f).
-8
Let i(q) = -q**2 + 1. Let t(m) = -m**3 + 3*m**2. Let y(g) = 3*i(g) - t(g). Suppose -51 + 9 = -7*k. Calculate y(k).
3
Suppose 14*u = 20*u - 144. Suppose b = -22 + u. Let x(c) = 6*c*